4*f - i + 3*i = -5744, i - 4298 = -3*f. What are the prime factors of f?
2, 3, 239
Let v(c) = -3*c + 47. List the prime factors of v(12).
11
Suppose 0 = 2*v + 15 - 61. Let n = 13 + -9. Suppose p = 3*j - v, 0*j + j - 4*p - n = 0. What are the prime factors of j?
2
Suppose -4*i + 4 = -5*l - 0*i, -3*i + 4 = -4*l. What are the prime factors of l/(-14) - 2720/(-35)?
2, 3, 13
Suppose 3 = -3*v + 54. Let k = 15 - v. List the prime factors of ((-95)/10)/(k/4).
19
Suppose 190 = 2*y + 32. Suppose -3*n + 23 = -y. List the prime factors of n.
2, 17
Let z be -2 + (-192)/(-4) + -2. Suppose 0 = 5*f - f - z. Suppose -3*b + f + 16 = d, d + b - 19 = 0. What are the prime factors of d?
3, 5
Let p = -5 + 9. Suppose 17 - 1 = -4*n, -3*i + p*n = -226. List the prime factors of i.
2, 5, 7
Suppose 0 = 2*g + 2*i - 1904, -5*g = 7*i - 6*i - 4744. List the prime factors of g.
2, 3, 79
What are the prime factors of (-15196)/(-261) - ((-4)/9)/(-2)?
2, 29
Suppose -3*f = -3*j + 19 + 11, 5*j + 6 = -3*f. What are the prime factors of f/(-21) - 242/(-3)?
3
Let w = 52 + -50. Let m(y) = y**2 + y. What are the prime factors of m(w)?
2, 3
Suppose -25*j + 24*j + 4*k + 774 = 0, 2237 = 3*j + 5*k. What are the prime factors of j?
2, 13, 29
Suppose 0 = -3*u + h + 6, 0*u - 2*h + 15 = 3*u. Suppose -3*m + 21 = u*o, 0*m + 2*m = 4. Let q = o - -24. List the prime factors of q.
29
Let o(j) = -j. Let h be o(-8). Suppose -26 = -h*u - 2. List the prime factors of u.
3
Let y be (130 - 6)*(-2 + 3). Suppose -5*o + 9*o = y. Suppose 0 = -3*h + 2*h + o. List the prime factors of h.
31
Let h(u) = -48*u - 128. Let i be h(-4). Suppose -5*o - 136 = -o. Let c = i + o. List the prime factors of c.
2, 3, 5
Suppose -170 = -3*h - 2*u, -u - u - 62 = -h. List the prime factors of h.
2, 29
Suppose -3*q + 140 = -382. Let z = 285 - q. List the prime factors of (-1)/(-3 + 330/z).
37
Let v(i) = i**2 - 2*i - 14. Let o be v(13). Suppose j = 4*j + 2*d - 146, 0 = 2*j - 5*d - o. Suppose -x - j = -3*x. What are the prime factors of x?
2, 13
List the prime factors of (4/8)/(2/(-4)) + 793.
2, 3, 11
Suppose 3*s - 102 = -18. Suppose -6*j + s = -8. Suppose j*p + 0*p - 96 = 0. What are the prime factors of p?
2
Let q(x) = x + 20. Let f = -15 + 9. List the prime factors of q(f).
2, 7
Suppose 4*n + 5*b = -73, n + 3*b + 28 = 5*b. Let a = 53 + n. What are the prime factors of a?
31
Let n(i) = i**3 + 6*i**2 - 7*i + 1. Let d be n(-7). Let a(f) = 2*f + 1. Let c be a(d). Suppose -c*p - 2*p = -105. List the prime factors of p.
3, 7
Let i(k) = -7*k - 7. Let r(m) = -8*m - 8. Let s(j) = 4*i(j) - 3*r(j). Let c = 1 - 9. List the prime factors of s(c).
2, 7
Suppose -2 = 2*m, 0*m = 4*d + 3*m + 3. Suppose 0 = -2*b - 5*i, -i = -5*b - 0*i + 27. Let h = b - d. List the prime factors of h.
5
Let r(g) = 98*g**3 - g. Let w be r(1). Suppose 0 = 4*n + w + 107. What are the prime factors of (n + 0)/(-3) - -4?
3, 7
Let t be (-1 + 4/4)/2. Suppose t = -2*f - 0*f + 5*d + 41, -f + 43 = 2*d. What are the prime factors of f?
3, 11
Let x be (27016/12)/22 + 2/3. Let s = -4 + 6. Suppose 3*g + b = -g + x, -28 = -g + s*b. List the prime factors of g.
2, 13
Suppose -2*d - 536 = -4424. List the prime factors of d.
2, 3
Suppose -n - 36 = -7*n. Suppose 1 - n = g. List the prime factors of (g/4)/((-6)/168).
5, 7
Suppose 11*d + 1012 = 15*d. Suppose -m + d = 7. List the prime factors of m.
2, 3, 41
Let q(l) = -l**2 - 10*l + 25. Suppose 5*w - 5 = -2*i, 9 = 3*i - 6. Let f be 1*(15 + -4)*w. What are the prime factors of q(f)?
2, 7
Let y(k) = 9 - k**3 - 9*k**2 - 4*k + 2*k - k**2 - 4*k. Let g be y(-9). Let p = g - -20. List the prime factors of p.
2
Suppose -114 - 230 = 8*r. Let y = 83 - r. What are the prime factors of y?
2, 3, 7
Suppose -3*s = 15, 5*h + s = -3*s + 100. List the prime factors of h.
2, 3
Suppose -w = -3*h - 4, -3*h = -h - 2*w + 8. Suppose -3*k + 11 + 4 = h. What are the prime factors of k?
5
Let a be 1 + (-12)/(2 + -4). Let d be 2 + a + -2 + 3. Suppose -6 = -2*z, 39 = 2*q + 5*z + d. What are the prime factors of q?
7
Let x(f) = f**2 + 2*f + 2. Let j be x(-1). Let o(v) = 6*v**2 + 2*v + 33*v**3 - 3*v - 4*v**2. List the prime factors of o(j).
2, 17
Let a = -40 - -42. Let d(o) = 20*o - 1. List the prime factors of d(a).
3, 13
Let x(r) = 11*r + 95. What are the prime factors of x(5)?
2, 3, 5
Let w(y) = -10*y + 77. What are the prime factors of w(-15)?
227
Suppose -2*l + 3*x = -645, 0 = 3*l + 5*x + 230 - 1188. List the prime factors of l.
3, 107
Let r be 6/((-1)/(-4) + 435/(-1580)). Let u = -80 - r. What are the prime factors of u?
157
Let q(d) = 4*d + 1. Let o be (0 + 4)/8*12. Suppose 0 = -4*a + o*a - 24. List the prime factors of q(a).
7
Let f(c) = -c**3 + 16*c**2 - 20*c - 22. Let h be f(13). Let p = h - 85. List the prime factors of p.
2, 5, 7
Suppose 2*y - 51 = -1. Suppose -5*f + 4*f + y = 0. What are the prime factors of f?
5
Let n = 419 - 186. What are the prime factors of n?
233
Suppose 0 = 5*a - 11 - 4. Let t be -1 + 3 - (-1 - -2). Suppose 14 + t = k - 5*s, 4*k - 60 = -a*s. List the prime factors of k.
3, 5
Suppose -3*y = -32 - 88. Let d be 1/(-5) + 8/y. Suppose -3*l - l + m + 173 = d, 219 = 5*l - 4*m. List the prime factors of l.
43
Suppose -2*t - 13 = -5, -3*k + 408 = 3*t. List the prime factors of k.
2, 5, 7
Let l = -583 + 2051. What are the prime factors of l?
2, 367
Let r = 7 + -1. Suppose 0 = r*f - 93 - 201. What are the prime factors of f?
7
Let l(w) = -w - 8. Let q be l(-13). Suppose -4*k + q*o = -135, k - 67 = -k + 3*o. Let i = 101 - k. What are the prime factors of i?
2, 3, 11
Let j = 1053 - 111. What are the prime factors of j?
2, 3, 157
Let q(t) = t**2 - t - 8. Let k be q(-6). Let f(g) = -14*g - k + 6 + 11 - g**2. What are the prime factors of f(-9)?
2, 7
Let g(q) = -q - 1. Let m be g(-3). What are the prime factors of m*(0 - (-417)/18)*3?
139
Suppose 8*z = -2*y + 7*z + 651, -10 = -2*z. List the prime factors of y.
17, 19
Let g(o) = o**2 + 8*o - 184. What are the prime factors of g(31)?
5, 41
Let y be (112/(-6))/(6/(-9)). List the prime factors of (y/(-10) - 0)/((-50)/875).
7
Let l(w) = 138*w**3 + 2*w**2 - 9*w + 24. What are the prime factors of l(3)?
3, 29, 43
Let w(n) = -n**2 + 12*n - 5. Let b be w(9). Let i = b + -39. Let k = 32 + i. List the prime factors of k.
3, 5
Suppose 2*g = -4*a + 46, -5*a = 5*g + 53 - 143. Let t = g - 13. What are the prime factors of (t - 1)*(-3 - 4)?
7
Let g = -297 + 559. Suppose -6*d + g = -3*d - 2*w, -5*d + 2*w = -438. What are the prime factors of d?
2, 11
Suppose 19 = k - 46. Let o = k - -8. List the prime factors of o.
73
Let a = 10 - -1. Let i = -6 + a. Suppose 4*l - i*l = -17. List the prime factors of l.
17
Let z(u) = -u**3 + 23*u**2 + u + 17. Let q be z(23). Suppose w - q = 17. What are the prime factors of w?
3, 19
Suppose 47*l = 29*l + 6678. List the prime factors of l.
7, 53
Suppose -2*z + 76 = r, -2*r = 2*z - 3 - 141. Suppose -5*k + s = -110, 2*s - r = -3*k - 2. What are the prime factors of k?
2, 11
Let m be 51/2*(-6)/9. What are the prime factors of (-865)/m + (-22)/(-187)?
3, 17
Suppose -74 = -3*i + 16. Suppose -105 = i*z - 33*z. What are the prime factors of z?
5, 7
Let o(u) = 3*u - 1. Let y(w) = 8*w**2 - w. Let k be y(-1). Suppose -3*i + k = -0*i. List the prime factors of o(i).
2
List the prime factors of (-12 - (0 + 1))/(151/(-10721)).
13, 71
Let t = 7709 - 5065. What are the prime factors of t?
2, 661
Suppose 2*l - p + 3 = 2*p, 0 = 2*l - 2*p. Let w(h) = 5*h + 3. Let g(x) = -16*x - 8. Let j(z) = l*g(z) + 8*w(z). List the prime factors of j(-5).
2, 5
Suppose 5*m = -25, 7*u = 4*u - 4*m + 3205. List the prime factors of u.
5, 43
Suppose 0 = 4*o - 0*o + 8. Let q be o/(-10)*-2*-5. Suppose -6 = q*x - 60. What are the prime factors of x?
3
Let o = -103 - -145. Let n = o - 34. List the prime factors of n.
2
Suppose 246 + 1574 = 5*b - 4*f, 5*b - 1825 = 5*f. What are the prime factors of b?
2, 3, 5
Let m(a) = -a**2 + 12*a - 13. Let u be m(11). List the prime factors of (-166)/(-4) + 1/u.
41
Let k be (13/(-39))/(2/(-12)) - -3. Suppose k*a - 193 = 4*a + 3*s, 764 = 4*a - 4*s. List the prime factors of a.
2, 5, 19
Suppose -8*b + 10 = -6*b. Suppose -4*a - 2*v = a - 32, b*a = 5*v + 25. What are the prime factors of a?
2, 3
Suppose -6 = 2*m, -15 = 3*i - 4*m - 0. Let v be -15*2/(-5)*i. List the prime factors of (